t of 3/(-2)*8/p?
1
Suppose 5*u - 7*t + 3*t - 22 = 0, -3*t - 15 = -3*u. Let s be (u/3)/((-10)/(-45)). What is the units digit of (-3)/((-9)/s) - -7?
8
Suppose 0 = -6*k + 5*k + 1. What is the units digit of k?
1
Let t(u) = u**3 + 8*u**2 - 2*u - 11. Let p = 2 - 2. Suppose 5*j + 50 - 10 = p. What is the units digit of t(j)?
5
Suppose 0 = -r + 5*p - 8, 2*r + 6 = 3*r + 2*p. Let a(y) = y**2 + 6*y + 2. Let b be a(-6). Suppose 3 = m + 2*z, b*m + r*z + z = 6. What is the units digit of m?
3
Let l(y) = y**2 + y + 2. Let r be l(0). Let g(u) be the first derivative of 3*u**2/2 - 2*u - 1. What is the units digit of g(r)?
4
Let k = -21 + 39. What is the units digit of k?
8
Suppose -i = -5 - 4. Suppose -3*g = 2*h + 48, 0 - i = 3*h. Let u = 23 + g. What is the units digit of u?
9
Let w(j) = 3 - 3 + 3*j**2 + 2*j + 2*j**2. What is the tens digit of w(2)?
2
Suppose -4*o - 228 - 104 = 0. Let m = -41 - o. What is the tens digit of m?
4
Let q = 19 + -10. Suppose -1 = 2*k - q. Suppose d = -4*i + 2*d + 9, -k*i = -3*d - 11. What is the units digit of i?
2
Suppose 0 = -0*d - 2*d + 352. What is the hundreds digit of d?
1
Suppose -84 = -3*v - v + 4*i, 0 = -2*v + i + 39. What is the tens digit of v?
1
Suppose -4*f - 12 = -7*f. Suppose f*g - 26 = -2*w, 2*g + 25 = 3*w + g. What is the units digit of w?
9
Let h = 17 + -10. Suppose h*m - 81 = 4*m. What is the units digit of m?
7
Suppose -5*z + 4 = -2*t + 4*t, -3*z - 2*t = 0. Suppose 3*q = 2*h + 48, 2*q - 21 = z*h + 13. What is the units digit of q?
4
Suppose 2*w = -2*l + 28, 3*w = 3*l + w - 32. What is the units digit of l?
2
Let u be (-1 - -4) + -1 + 2. Suppose -2*g + s = 1, -2 = -5*g + u*s - 6. Let o = g - -6. What is the units digit of o?
6
Suppose 0*x = -3*x + 15. Suppose 15 = 2*r + 4*q + 1, q - 53 = -x*r. Suppose -c + r = -5. What is the tens digit of c?
1
Let r(d) = 8*d + 12. What is the tens digit of r(7)?
6
Let g(x) be the second derivative of x**5/20 - x**4/3 + x**3/2 + x**2 - x. Let c be g(3). Suppose -4*n + c*n + 34 = 0. What is the tens digit of n?
1
Let t(m) = -m**2 + 12*m - 4. Let o be t(8). Suppose -w - 4*a + o = 0, -4*w - w - 5*a = -140. What is the tens digit of w?
2
Let o(f) = f**2 + 7*f. Let l be o(-7). Suppose l*p + 84 = 4*p. What is the tens digit of p?
2
Suppose 21 = 5*d - 39. What is the tens digit of d?
1
Suppose -3*c = -3*o + 21, 0 = 3*c - 2*c + 3. Suppose -j + o = -0. Let b(x) = -x**2 + 6*x - 4. What is the units digit of b(j)?
4
Suppose 0 = 2*r - 10 + 38. Let q = 8 - r. What is the tens digit of q?
2
Suppose 2*x = -0*x - 68. Let v = x - -49. Let o = -7 + v. What is the units digit of o?
8
Suppose 1 - 5 = -4*c. Let g be (-1 + 3 - -2) + c. Suppose -3*k = 2*q - 17, k - g*q = 5*k - 25. What is the units digit of k?
5
Suppose -i + 4*i = 0. Suppose -4*o + 3*s - 5*s - 30 = i, 13 = -2*o + s. What is the units digit of o*(-2 + 4/7)?
0
Let a(i) = -4*i**2 - 2 + 5*i**2 + 3. Let p be a(3). What is the units digit of p/(4/1 - 2)?
5
Let o = -4 - -8. Suppose q = 2*v - 9, -o*v - 2 + 0 = 2*q. Suppose -2*d - 38 = -4*w, -w + d = v*w - 31. What is the tens digit of w?
1
Suppose -r = t + 2*t - 11, 5*t + 4*r = 9. Let a(z) = z**3 - 3*z**2 - 5*z - 4. What is the units digit of a(t)?
1
Let h be 91/28 + 2/(-8). Suppose -4*m + 2 + 109 = -h*z, -4*m = 5*z - 71. Suppose 0 = -3*k - k + m. What is the units digit of k?
6
Let a(j) = 2*j**2 + 2*j - 1. Let q(v) = -2*v + 2. Let h be q(2). Let k be a(h). Let z = k - 1. What is the units digit of z?
2
Let d(i) = i + 6. What is the units digit of d(-4)?
2
Let p(d) = -3*d. Suppose 6 = 4*c - 3*i, 5*c + 2 = -3*i + 23. Suppose 5*t + 2 = c*t. What is the units digit of p(t)?
3
Let t(f) = -f**2 - 8*f + 1. Let g be t(-7). What is the units digit of (-86)/(-18) + g/36?
5
Suppose 0 = -h + 4*f + 5 + 3, -2*h = 4*f - 16. Let r be h/(-4) - (-7 + -2). Let k(x) = x**2 - 6*x - 4. What is the units digit of k(r)?
3
Let b(t) = t**3 - 5*t**2 - 8*t - 10. Let w be b(7). Let c = -12 + w. What is the tens digit of c?
2
What is the hundreds digit of 2860/39*(1 - -2)?
2
Let b(d) be the second derivative of -5*d**3/3 - d**2 - d. Let p be b(-4). What is the units digit of p/8 - (-7)/28?
5
Let b(a) = a**2 + a - 8. Let x be (2 - 5) + -7 + 2. What is the tens digit of b(x)?
4
Let p(t) be the second derivative of t**4/12 - 2*t**3/3 + 2*t**2 + t. Let l be 8/(-3)*39/(-26). What is the units digit of p(l)?
4
Let q(l) = l**3 + 4*l**2 - 3*l - 2. What is the units digit of q(3)?
2
Let k = -14 - -10. What is the units digit of 2 + 6 + 1 + k?
5
Suppose -68 = 2*n - 186. What is the units digit of n?
9
Let q(n) = -n - 3*n**2 + 1 + 2*n**2 - 5*n. Suppose 0 = 4*k + 4*w + 28, -k + 0*w = -3*w - 1. What is the units digit of q(k)?
6
Suppose -2*h = -5*p - 156, -4*p - 3 = -11. Suppose -2*u + h = 15. What is the units digit of u?
4
Suppose 5*h + 19 = -2*l, -4*h - 14 = 2*l - 0*h. Suppose -2*f + 112 = 4*b - 5*f, l*f - 113 = -5*b. What is the tens digit of b?
2
What is the units digit of 64 + (-7)/((-21)/(-9))?
1
Suppose -r + x + 3*x + 37 = 0, x - 97 = -4*r. Suppose 7*o = 2*o - r. Let y = o - -11. What is the units digit of y?
6
Suppose -4*m = -10 - 6. Suppose -m*j = a - 99, 0 = -2*j + 2*a + 59 - 17. What is the tens digit of j?
2
Let x(f) = -8*f - 1. Let h be x(-4). Suppose 0*s = s - h. Suppose -4*i - y + s = 0, -5*i + 4*y - 3*y + 32 = 0. What is the units digit of i?
7
Let i be (-1 - (-3 + 2))/(-2). Suppose r = -i*r + 16. What is the units digit of r?
6
Suppose 2*t = -6 - 2, -4*z - 2*t = -16. Let k be -2 + (-3)/(z/(-4)). What is the units digit of (2 + k)*15/6?
5
Let t = -12 - -36. What is the tens digit of t?
2
What is the units digit of 35 - (-4)/(8/6)?
8
Let k(j) = -j + 2. Let w be k(4). Let n be (-14)/w + 4 + -3. What is the units digit of 1 + n - (0 + 3)?
6
Let n be 3 + (0 - -3) + -1. Suppose 2*v = -2*v + 4, -n*v = -5*d + 70. What is the units digit of d?
5
Let h(f) be the second derivative of 0 - 1/3*f**3 - 3*f**2 + 4*f. What is the tens digit of h(-8)?
1
Let y(c) = 3*c - 2. Let j(m) = 4*m - 3. Let g(t) = -2*j(t) + 3*y(t). Let x = 4 + -1. What is the units digit of g(x)?
3
Let t = 17 - -17. What is the units digit of t?
4
Let i(l) = -l + 1. Let u be i(1). Suppose -4*a + u*a + 5*h = -101, 4*h = 2*a - 52. What is the units digit of (a/(-3))/(2 - 3)?
8
Let n = -76 + 146. Suppose -5*t + 31 = 4*l - 25, t + n = 5*l. What is the tens digit of l?
1
Suppose 2*b + p - 52 = 0, -4*b + 0*p + 3*p = -124. What is the units digit of b?
8
Let v = 107 + -80. What is the units digit of v?
7
Let d be 13/(-3) + 4/12. Let y be 5*(d/(-5))/1. Suppose -5*x = y*g - 29 - 13, -3*g + 18 = -3*x. What is the units digit of g?
8
Let h be ((-6)/(-3))/((-2)/3). Let l be h + (-6)/3*1. Let c = l - -7. What is the units digit of c?
2
Let v(z) = -5*z**2 - 4*z - 7 + z - 2*z + z**3. Let g be v(6). Let j = g + 8. What is the units digit of j?
7
Let z(v) = -3 + 7*v + 3 - 7*v**2 + 2 - v**3. Let f be z(-8). Suppose -f = -5*t, -4*x + t + 6 = -2*x. What is the units digit of x?
4
Let o = -13 + 3. Suppose 0 = -4*a - 4*z - 384, -3*a - 4*z + 0*z = 284. What is the units digit of a/(-15)*(-12)/o?
8
Suppose -4*k = 5*v - 3*v - 442, 3*k + 618 = 3*v. Suppose a + m - 40 + 2 = 0, -5*a + v = -2*m. What is the units digit of a?
1
What is the units digit of (-528)/(-14) + 30/105?
8
Let k(z) be the third derivative of z**6/120 + z**5/10 - z**3/6 - 3*z**2. What is the tens digit of k(-4)?
3
Suppose -2 - 13 = -k. What is the tens digit of k?
1
Suppose -4*c - 1 = -21. Suppose c*n - 4 = 51. What is the units digit of n?
1
Let f(u) = 7*u**3 + 4*u**2 - 14*u - 17. Let d(x) = 11*x**3 + 6*x**2 - 21*x - 26. Let n(p) = 5*d(p) - 8*f(p). What is the tens digit of n(-4)?
1
Let a(i) be the third derivative of -2*i**2 + 1/30*i**5 + 1/6*i**4 + 0*i + 0 + 1/3*i**3. What is the units digit of a(-2)?
2
Let x(k) = k**3 + 14*k**2 - 14*k + 18. Let i be x(-15). Suppose -i*z + 20 = -z. What is the tens digit of z?
1
Let d = 2 + 0. Let w(i) = 1 - i**d - 9*i + 2*i + 8. What is the units digit of w(-7)?
9
Let b(o) = o + 15. What is the tens digit of b(16)?
3
Suppose -2*t - n - 56 = 0, -3*n + 4*n = 2. Let q = -17 - t. What is the tens digit of q?
1
Let q(g) = -g**2 + 8*g - 4. What is the units digit of q(6)?
8
Let q(t) = -136*t**3 + 2*t + 1. What is the tens digit of q(-1)?
3
Suppose -4 = -w + 14. Suppose b - w = -5.